 -6*p - 17. Let a(b) = -d(b) + 6*z(b). Let u(w) = w + 4. Let r(l) = -a(l) + 3*u(l). Determine r(g).
-5
Let a(n) = -5*n + 123 + 5*n + 135 - 5*n - 54. Calculate a(41).
-1
Let b(i) = -697*i - 15. Let f(q) = -796*q - 16. Let l(v) = -8*b(v) + 7*f(v). Let w(p) = -p**3 + 7*p**2 + 8*p - 7. Let a be w(8). Determine l(a).
-20
Let r(c) be the second derivative of -c**5/20 - 7*c**4/12 - c**3/3 + 15*c**2/2 - 1344*c - 1. Determine r(-6).
-9
Let h(m) be the second derivative of m**5/20 - m**4/4 - 2*m**3/3 - 10*m + 3. Let z = -66 - -63. Let r be (4 + z)*3 + 1/1. Give h(r).
0
Let f(l) = -l**3 + 4*l**2 + 7*l + 8. Suppose 4*v = -v - 125. Let j = 38 + v. Suppose -2*n + 25 = j. What is f(n)?
-22
Let d(c) be the second derivative of 1/3*c**4 + 0*c**3 - c**2 + 0 + 12*c - 1/20*c**5. Suppose -4 = -2*b + 2. Calculate d(b).
7
Suppose -138*d - 959 = -d. Let i(c) = 2*c**2 + 14*c + 13. Determine i(d).
13
Let g(u) = 6*u**3 + u + 1. Suppose -68*f = -66*f - 24. Let o(y) = -5*y**2 - 1 - 8*y**2 - 4*y**3 + 0*y**3 + 5*y**3 + 12*y. Let r be o(f). Calculate g(r).
-6
Let f(v) = v + 12. Let c(b) = 3. Let s(z) = -2*z**2 + 33*z + 18. Let i(y) = -5*c(y) + s(y). Let o be i(17). Calculate f(o).
-2
Suppose 3*w = -3*a - 0*w + 6, 0 = -4*a + 4*w. Let l(k) = k + 1. Let b be (-32)/96*(-3)/1. Let q(t) = 10. Let s(y) = a*q(y) + b*l(y). Determine s(-8).
3
Let z(c) = -c**2 + 24*c + 39. Let r = -5448 - -5474. Calculate z(r).
-13
Let f(l) = l**2 + 11*l + 6. Let n = 292 - 570. Let y = -288 - n. Give f(y).
-4
Let c be -9 + 13 + 1 + 4. Suppose -34*r + c = -31*r. Let t(z) = -z + 7*z**2 + 0*z**2 + z**3 - 3 - r - z**2. What is t(-6)?
0
Let c(o) = -27*o**3 - 1. Let d(j) = -20*j**3 - j - 2. Let f(t) = -3*c(t) + 4*d(t). Determine f(-2).
-5
Let i = 725 - 718. Let z be i - (1 + -4 + 8). Let o(m) = 14*m**2 - 2. What is o(z)?
54
Let c(v) = -2*v**2 - 99*v - 361. Let g be c(-4). Let o(b) = -3*b - 11. What is o(g)?
-20
Let i(s) = -25*s**3 - 41*s**2 - 19*s + 27. Let l(r) = -14*r**2 - 9*r**3 - 122*r + 0 + 2 + 7 + 116*r. Let b(y) = -4*i(y) + 11*l(y). What is b(-9)?
-18
Let i(g) = g**2 + 5*g - 3. Let o = -85 + 88. Let l(b) = 3*b**2 + 13*b - 8. Let c(v) = o*l(v) - 8*i(v). What is c(0)?
0
Let a(m) = m**3 + 2*m**2 - 11*m - 26. Suppose f + 7 = -3*r, -35*f + 33*f - 6 = -2*r. Calculate a(f).
-14
Suppose 0 = -16*c + 25 + 535. Let d = -59 + c. Let v(f) = f**2 + 23*f - 30. Let y be v(d). Let i(z) = z**3 + 5*z**2 - 6*z - 7. Give i(y).
-7
Let l(p) = -12*p + 91*p**2 - 56*p**2 + 9*p + 1 - 44*p**2. Give l(-1).
-5
Let g(o) be the first derivative of o**3/3 - 3*o**2 - 6*o + 47328. Suppose -v + 5 = -0*v. What is g(v)?
-11
Let k(r) = 5*r + 5. Let l = 826 + -584. Let h = -237 + l. Calculate k(h).
30
Suppose 18*t = 16*t - 21*t - 253. Let i(l) = l**3 + 11*l**2 + 5*l + 10. Give i(t).
-45
Let x(n) = -2*n**2 + 5*n + 13. Let j be 408/51*(-3)/(-96)*2*-6. Give x(j).
-20
Suppose -x = -2*t - 1, 4*x + 5*t - 10 = 7. Suppose -2*j = l + l + 2, -3*l + 4*j - x = 0. Let h(m) = 8*m**3 + m**2 + 2*m + 1. Give h(l).
-8
Let u be 37/1 + -1 - (-5 + 3). Let o(h) = -3*h**3 + 4*h**3 - u*h**2 + 32*h**2 - 9 + 2*h. Let g be o(6). Let j(z) = z + 1. Calculate j(g).
4
Let i be (-8 + 4 - -11)/1. Let k(h) be the second derivative of -h**3/6 + 6*h**2 - 112*h. Determine k(i).
5
Let y = -81 + 105. Suppose 5*t - 9*l = -5*l - y, 5*l = -20. Let p(g) = g**2 + 4*g - 2. Determine p(t).
30
Let t(d) be the third derivative of -73*d**2 - 1/24*d**4 + 0 + 0*d - 25/6*d**3. What is t(0)?
-25
Let d be 352/1144*((-30)/(-4) + -1). Let h(s) be the second derivative of -1/6*s**3 + 0 - s**d + 1/20*s**5 - 14*s + 7/12*s**4. Give h(-7).
5
Let j(d) be the third derivative of -d**6/10 - d**5/60 + d**4/24 + d**3/6 + 58631*d**2. Let a be (-2)/(2/(-4)*-4). What is j(a)?
11
Suppose -2*w + 21 - 23 = 0. Let s = 3 - w. Suppose -2*l = s*l + 42. Let k(n) = n + 15. Determine k(l).
8
Let m(q) = 3*q + 2. Let b be 208/36 - 8/(-36). Let n(h) = -5*h - 4. Let y(r) = b*n(r) + 11*m(r). What is y(8)?
22
Let k(v) be the first derivative of -2*v**2 - 11*v + 181. Determine k(-8).
21
Let g = -332 - -335. Let v(h) = g - 64*h - 64*h + 126*h. Give v(6).
-9
Suppose q - 408 - 50 = 4*h, 3*q = -2*h + 1430. Let u = 465 - q. Let m(j) = j + 8. What is m(u)?
-1
Let g(n) = -n**3 + 7*n**2 - 6*n. Let l(v) = 6*v + 39. Let u be l(9). Suppose -u = -27*a + 42. Give g(a).
20
Let x(p) = -22*p + 32 + 10*p + 7*p + 8*p. What is x(-6)?
14
Let k(r) = r**3 - r - 7. Let y be k(-4). Let b = 77 + y. Let s(x) = 6*x**2 - 19*x + b*x + 10*x. Calculate s(-1).
5
Suppose -13 = 4*h + 3*q, 0 = 2*h - 3*q + 2 + 9. Let a be 76/57*(-18)/h. Let c(p) = 66 + 62 - 128 + p. Calculate c(a).
6
Let m be (-4)/30 - 2387/(-465). Let l(o) = 2*o**2 - 15*o - 2. What is l(m)?
-27
Let g(p) = 9*p - 229. Let c(b) = -298*b + 2112. Let t be c(7). Give g(t).
5
Let i(b) = -524460*b + 3*b**2 + b**2 + 524471*b - b**3 - 9 - b**2. Give i(5).
-4
Let m(z) = -14 + 673*z - 671*z + 8. Let n(a) = -a. Let r be (-12)/(-9) + (-2)/(-3). Let w(i) = r*m(i) + 2*n(i). What is w(9)?
6
Let a be (-48)/64*32/(-24). Suppose 0 = v - 5*v + 8. Let z(i) = -i**3 - v*i + 1 + 3*i - 2 + i**2. What is z(a)?
0
Let w(i) be the third derivative of i**4/8 + 71*i**3/6 + 1178*i**2. Give w(-20).
11
Suppose 84 = 4*h + 5*t, -5*t = -17 - 3. Suppose 10*n - 5*n + 23 = p, -h = 4*n. Let m(k) = -4*k + 2*k + p*k + k - 1. Calculate m(-1).
-3
Let d(p) = 2*p**2 - 105*p + 30. Let a(x) = x**2 - 48*x + 13. Let g(u) = 7*a(u) - 3*d(u). What is g(21)?
1
Let a(y) = -4*y**2 - y. Let v(o) = -5*o**2 + 1. Suppose 6 + 4 = -5*t. Let l be (-4 + t)/(24/16). Let w(g) = l*a(g) + 3*v(g). Calculate w(-6).
15
Let s(h) = 6*h**2 + 0*h + 6 - 3 + 7*h - h**3. Let f = -176 + 120. Let l = -49 - f. Give s(l).
3
Let n(t) = 3*t + 119. Suppose 3*o + 4*m + 369 = 270, -102 = 3*o + 3*m. What is n(o)?
8
Suppose 5*k + 4*b = -107, -3*k = -10*b + 14*b + 61. Let r = 25 + k. Let y(p) = -5*p + 3*p**2 + 3*p + 3 - 1. Calculate y(r).
10
Let s(z) = 172*z + 666. Let c(g) = 54*g + 221. Let i(f) = 19*c(f) - 6*s(f). Calculate i(32).
11
Let c be ((-135)/(-2))/(4/8). Let i = -132 + c. Let n(r) = 33*r**2 + 1 - 70*r**2 + 7*r**i + 35*r**2. Determine n(1).
6
Suppose 5*p - 5*q + 15 = 0, 10 = 4*p + q - 3. Let v(k) = -3*k**2 - 13*k - 13. Let h(m) = -3*m**2 - 8*m - 8. Let d(l) = 3*h(l) - 2*v(l). Determine d(p).
-6
Let p = 10417 - 10397. Let h(y) = -y**3 + 18*y**2 + 42*y - 39. Give h(p).
1
Let o(j) = j**2 - j - 13. Let s(p) = -3*p**2 + 199*p + 558. Let a be s(69). Calculate o(a).
17
Let w = 211 - 99. Let b(c) = -29 - 34 + w - 39 - 3*c. Let m(f) = 7*f - 21. Let p(a) = -5*b(a) - 2*m(a). What is p(9)?
1
Let y(b) = -5*b + 3. Let q = -234 + 172. Let u be 0/(-1*1) - 124/q. What is y(u)?
-7
Suppose -4*s = -5*t + 56, -t - 48 = -5*t + 4*s. Let k(m) = -12 + 48 - 7*m**2 + m**3 - 6 - 16 - 9*m. Calculate k(t).
6
Let o(a) = 19*a - 58. Suppose 47 = 6*q + 3 + 8. Determine o(q).
56
Let l(s) be the second derivative of s**4/12 + s**3/2 - 23*s**2/2 - 2*s + 1259. Calculate l(4).
5
Let y(g) be the third derivative of -1/4*g**4 + 1/120*g**6 + 0 + 0*g - 5/6*g**3 + 1/30*g**5 + 76*g**2. Calculate y(-4).
-13
Let r(m) = 9843*m + 5*m**3 + m**3 - 10 - 5*m**3 + 8*m**2 - 9837*m. Suppose b = -0*b + 4. Suppose -3*t + 19 = -b*j, -2*j - 1 = -t + 10. Determine r(j).
-3
Let t(g) be the third derivative of 273*g**2 + 0 + 0*g + 2/3*g**4 + 1/60*g**5 + 3*g**3. What is t(-15)?
3
Let p(f) = -f**3 - 7*f**2 - 10*f + 1. Let h be (-7 + 9)*-2 + (1 - (2 - -1)). Determine p(h).
25
Let d = -35 - -37. Let l(y) = -y - 26 + 9*y - d*y**2 + 21 + 3*y**2. Let o(c) = -8*c**3 + c**2 - 3*c + 2. Let p be o(1). What is l(p)?
-5
Let k(y) = -25*y + 195 + 172 - 389. Determine k(-1).
3
Let n(a) be the first derivative of a**3/3 - 6*a**2 + 32*a + 5921. What is n(5)?
-3
Let y(h) = -h**2 + 2*h - 7. Suppose -15*v = 2*j - 20*v - 14, -5*j = -3*v - 35. Calculate y(j).
-42
Let x(i) be the second derivative of i**5/20 + i**4/3 + 5*i**3/6 + 3*i**2/2 - 330*i - 1. Determine x(-4).
-17
Let z(x) be the second derivative of x**4 - x**3/3 - x**2/2 - 43*x - 2. Let u be (13 + -15)*1/2. Calculate z(u).
13
Let u = -19 - -13. Suppose 6*y - 2 - 16 = 0. Let t(x) = -3*x + 3*x + 5*x + x**2 + y - 7. What is t(u)?
2
Let u(l) = 14 - 12*l**2 + 2*l + l**3 - 2*l**3 - 12*l. Suppose 139*a + 1892 = -33*a. Determine u(a).
3
Let p(d) be the first derivative of -d**4/4 + d**3 - d**2/2 - 3*d